by j.
18
Let x = -110 + 124. Calculate the remainder when 39 is divided by x.
11
Suppose -5 = -s - 1. Suppose -22 = -x - x. Calculate the remainder when x is divided by s.
3
What is the remainder when (-18 + 15)*(0 + -2) is divided by 2?
0
Suppose -5*b + 223 = -0*p + 3*p, -106 = -2*b + 3*p. Calculate the remainder when b is divided by 24.
23
Let n = 212 - 96. Suppose -3*q + 101 = 5*f, -2*q - 2*f = q - n. Let m = -17 - -28. What is the remainder when q is divided by m?
9
Suppose 11 - 43 = -u. What is the remainder when u is divided by 12?
8
Let y = -44 + 100. Calculate the remainder when y is divided by (96/(-9))/8*15/(-1).
16
Let s be 9/(-6) + 9/2. Suppose -3*t = s*x - 8*t - 10, -2 = -x + 3*t. Suppose 4*g = 15 + x. Calculate the remainder when 7 is divided by g.
2
Suppose f - 6*f = 10. What is the remainder when (-3)/(-8 - f)*106 is divided by 18?
17
Let z be ((-2)/3)/((-4)/(-36)). Let h be (45 - -1)*(-3)/z. Suppose -h - 5 = -4*y. Calculate the remainder when y is divided by 3.
1
Let t be (8/(-5))/((-10)/25). Calculate the remainder when (26/4)/(1/t) is divided by 14.
12
Suppose 3*a = 23 + 16. Suppose -d - 2*x - 72 = -4*d, 2*d - 5*x = 48. Calculate the remainder when d is divided by a.
11
Suppose -8*c = -3*c - 35. Suppose 2*f - 5*a - 13 = 24, 5*f - 4*a - 67 = 0. Calculate the remainder when f is divided by c.
4
Calculate the remainder when (15 - 10)*(2 + 6) is divided by 21.
19
Suppose -5*x - 154 = -12*x. Let v(u) = 14*u. Calculate the remainder when v(3) is divided by x.
20
Let p(x) = 2*x + 1. Let s(m) = m**2 + 8*m - 11. Let c be s(-8). Let d = 16 + c. What is the remainder when 32 is divided by p(d)?
10
Suppose 2 = -5*s - 3*r - 3, 0 = 3*s + 2*r + 4. Let o = 6 - 4. Suppose o*z - 36 = s*w, 57 = 4*z + 2*w + 3. Calculate the remainder when 28 is divided by z.
13
What is the remainder when (81 - (2 - 6))/1 is divided by 22?
19
Suppose -4*p - 53 + 225 = 0. Suppose 0 = -0*w + 3*w + 12. Calculate the remainder when p is divided by (15/w)/(2/(-8)).
13
Let m = -648 + 930. What is the remainder when m is divided by 19?
16
Calculate the remainder when 55*4*3/6 is divided by 28.
26
Let w(h) = h**3 + 5*h**2 + 4*h - 1. Suppose -z - 3 = -2*z. Calculate the remainder when w(-3) is divided by z.
2
Let m = -6 + 13. Let i(z) = z**3 - 8*z**2 + 6*z + 9. Calculate the remainder when 2 is divided by i(m).
0
Let m be 1/6 + 595/(-42). Let x = 23 + m. Calculate the remainder when x is divided by 3.
0
Let v = 8 - 8. Suppose 4*u - 181 - 3 = v. Calculate the remainder when u is divided by 24.
22
Let i(s) = -15*s - 4. Let f be i(-2). Let q = f + -18. Calculate the remainder when 13 is divided by q.
5
Let b be -8 + 1/(-2)*-2. Let w = b - -36. Calculate the remainder when w is divided by 15.
14
Let v(g) = g**2 + 2*g + 5. Suppose -u - u - 8 = 0. Let h = 67 - 43. What is the remainder when h is divided by v(u)?
11
What is the remainder when 37 is divided by 12 - 2 - (1 + 1)?
5
Calculate the remainder when (-3)/9 - 43/(-3) is divided by 8.
6
Let f = 13 + -21. Let h be f - ((-3 - -3) + -1). Let v = h - -16. Calculate the remainder when 25 is divided by v.
7
Let x(p) be the second derivative of 7*p**4/12 + p**3/2 + 3*p**2/2 + 7*p. Let i be 2*1 + -5 + 1. What is the remainder when x(i) is divided by 13?
12
Suppose 15*j - 607 = 98. Let u = -11 + -21. Let p = u + 48. What is the remainder when j is divided by p?
15
Suppose 0 = 2*q + q. Suppose -4*h - 5*a - 2 = 0, -3*h + a = 4*a. Suppose q = 5*v, -h - 6 = -p - 2*v. Calculate the remainder when p is divided by 5.
3
What is the remainder when 27 is divided by 15*(-1 + (4 - 2))?
12
Let c(q) = 68*q**3 - q**2 + 1. Let d = 75 + -52. Calculate the remainder when c(1) is divided by d.
22
Suppose 0 = -0*s + 3*s - 12. Calculate the remainder when s is divided by 3.
1
Let u(r) = 11*r**3 - 2*r + 2. Let g be 4/(-18) - 60/(-27). Calculate the remainder when u(g) is divided by 29.
28
Let m(z) = -z**3 - 5*z**2 + 6*z + 6. Let t be m(-6). What is the remainder when (1 + -7)*102/(-36) is divided by (t/8)/((-3)/(-36))?
8
Let v = 183 + -69. What is the remainder when v is divided by 39?
36
Let b be 44 - 2/(-1 + -1). Suppose 2*d + b = 5*d. Let j = 22 - 16. What is the remainder when d is divided by j?
3
Let i = 9 + -7. Suppose 0 = -i*n + 15 + 35. Calculate the remainder when n is divided by 13.
12
Let a = -2 + 1. Let p = a + 1. What is the remainder when p/3 + (0 - -22) is divided by 8?
6
Suppose 0 = -q - 3*t - 2 + 9, -5*q + t = 13. Let r(s) = s**2 - s. What is the remainder when 17 is divided by r(q)?
5
Let h = -57 + 28. Calculate the remainder when (9 - 0)/(-3) - h is divided by 14.
12
Suppose 0*l + 4*s - 84 = -4*l, -2*l + 2*s + 30 = 0. What is the remainder when l is divided by 4?
2
Suppose -3*j + 210 = 3*p, -j = 4*j - 2*p - 385. What is the remainder when j is divided by 26?
23
Suppose -w + 5*x - 19 = -3*w, 4*x = 2*w + 8. Let o = -12 + 5. Let a = o + 9. Calculate the remainder when w is divided by a.
0
Let z be 4*(-3)/14*14. Let l = 15 - z. What is the remainder when l is divided by 10?
7
Let l(g) = 2*g**2 + 8*g - 3. Suppose 2*x + 0*c + 3*c - 13 = 0, -4*x - c + 21 = 0. Suppose -17 = 2*h - x. Calculate the remainder when 41 is divided by l(h).
20
Let q(x) = x**3 + 9*x**2 + 6*x + 1. Suppose 4*u + 3*k = 132, 3*u - 66 = u + 5*k. What is the remainder when u is divided by q(-8)?
16
Let k(g) = 4*g**2 - 5. Calculate the remainder when k(3) is divided by 17.
14
Suppose 2*c - 3*d = 12, 5*c + 2*d - d = 13. Suppose -2*o + c*o + 1 = 0. What is the remainder when o/((-1)/2) + 0 is divided by 1?
0
Suppose k - 114 + 48 = -4*t, 2*t = 4*k - 192. Suppose 4*l = -l + k. Calculate the remainder when 27 is divided by l.
7
Let g(v) be the third derivative of -v**6/120 - v**5/60 - 2*v**2. What is the remainder when 15 is divided by g(-2)?
3
Suppose 2*v - 107 = -n, 0*v + v - 4*n - 31 = 0. Suppose -3*r + 30 + v = 0. What is the remainder when 79 is divided by r?
25
Suppose 0 = 2*p - 2*u + 28, -2*u + 46 = -3*p + 3*u. What is the remainder when ((-129)/p)/(4/16) is divided by 15?
13
Suppose 4*x - 6*x + s - 47 = 0, -5*x = 4*s + 137. Let g = -18 - x. Let k(m) = -m**2 + 15*m + 11. Calculate the remainder when k(14) is divided by g.
4
Let f(h) = 6*h - 1. Let u be f(-1). Suppose 8*k - 6*k = -2. Let c = k - u. Calculate the remainder when 10 is divided by c.
4
Suppose -5 = -g, -5*f + 73 + 22 = -5*g. Calculate the remainder when 45 is divided by f.
21
Let q = -48 - -62. Suppose 2*g = g + 16. Suppose -g - 23 = -w. Calculate the remainder when w is divided by q.
11
Suppose 76 = -0*k + 4*k. Calculate the remainder when 55 is divided by k.
17
Calculate the remainder when -7 + 1 + -1 + 144 is divided by 20.
17
Suppose -5*z - 3*b + 2 + 17 = 0, 3*z - 2*b = 0. Let u(y) = 3*y + 4. What is the remainder when u(3) is divided by (7 - (1 - z)) + -1?
6
Let b be -2 + (1 - 4) + 1. Let o(k) = -k - 2 - 2*k - 5*k**2 + 5*k - 2*k**3. What is the remainder when o(b) is divided by 13?
12
Let c(n) = -n**2 - 15*n - 25. What is the remainder when c(-11) is divided by 5?
4
Let m(b) = b**3 - 2*b**2 + 10*b - 12. Calculate the remainder when m(5) is divided by 23.
21
Calculate the remainder when 70 is divided by (80/12 - -3) + (-2)/3.
7
Suppose 0 = -15*g + 14*g + 11. Let h(m) = 2*m - 6. Let x = -6 + 11. Calculate the remainder when g is divided by h(x).
3
Suppose -2*b = 2*b + 5*t - 45, 5 = 5*b - 4*t. Suppose 2*d + 0 = 12. Suppose -c + d*c = 95. What is the remainder when c is divided by b?
4
Let c(k) = 51*k**2 + 2*k + 1. Let q be c(-1). Suppose -u = u - q. Suppose 6*w = w + u. Calculate the remainder when 13 is divided by w.
3
Let i(m) = -m + 1. Let a(k) = k**2 - 3*k. Let c(h) = a(h) - 2*i(h). Calculate the remainder when 29 is divided by c(-3).
9
Let q = -2 - -4. Suppose 6*u - 2*d = 2*u - 52, 5*d - 25 = 3*u. Let w = u + 18. What is the remainder when w is divided by q?
1
Let k(v) = -v**3 + 6*v**2 - 3*v - 7. Let j = -9 + 13. Suppose 2*i - 10 = j*s, 2*i - s + 4*s - 31 = 0. Calculate the remainder when i is divided by k(5).
2
Let g = 5 + -9. Calculate the remainder when 4/(-8) + (-290)/g is divided by 25.
22
Let n = -15 + 20. Suppose 45 + 5 = n*k. Calculate the remainder when 39 is divided by k.
9
Let d(w) = 2*w**3 + 4*w + 72. Calculate the remainder when d(0) is divided by 28.
16
Suppose -17 = 7*t - 8*t. Calcu